{"id":21,"date":"2022-01-30T22:43:40","date_gmt":"2022-01-30T21:43:40","guid":{"rendered":"http:\/\/barjo-et-cie.be\/?page_id=21"},"modified":"2025-09-04T22:35:33","modified_gmt":"2025-09-04T20:35:33","slug":"contact","status":"publish","type":"page","link":"https:\/\/barjo-et-cie.be\/index.php\/contact\/","title":{"rendered":"CONTACT"},"content":{"rendered":"\n<h2 class=\"wp-block-heading has-white-color has-text-color has-extra-large-font-size\"><strong>Contact<\/strong><\/h2>\n\n\n\n<div class=\"wp-block-media-text alignwide is-stacked-on-mobile has-red-color has-text-color has-link-color wp-elements-118fe5c91d5ac4511d08c2672a200e77\" style=\"grid-template-columns:15% auto\"><figure class=\"wp-block-media-text__media\"><img loading=\"lazy\" decoding=\"async\" width=\"891\" height=\"1024\" src=\"http:\/\/barjo-et-cie.be\/wp-content\/uploads\/2023\/07\/barjo.et_.cie_qr-1-891x1024.png\" alt=\"\" class=\"wp-image-438 size-full\" srcset=\"https:\/\/barjo-et-cie.be\/wp-content\/uploads\/2023\/07\/barjo.et_.cie_qr-1-891x1024.png 891w, https:\/\/barjo-et-cie.be\/wp-content\/uploads\/2023\/07\/barjo.et_.cie_qr-1-261x300.png 261w, https:\/\/barjo-et-cie.be\/wp-content\/uploads\/2023\/07\/barjo.et_.cie_qr-1-768x882.png 768w, https:\/\/barjo-et-cie.be\/wp-content\/uploads\/2023\/07\/barjo.et_.cie_qr-1-1337x1536.png 1337w, https:\/\/barjo-et-cie.be\/wp-content\/uploads\/2023\/07\/barjo.et_.cie_qr-1-1783x2048.png 1783w, https:\/\/barjo-et-cie.be\/wp-content\/uploads\/2023\/07\/barjo.et_.cie_qr-1-1568x1802.png 1568w\" sizes=\"auto, (max-width: 891px) 100vw, 891px\" \/><\/figure><div class=\"wp-block-media-text__content\">\n<p class=\"has-red-color has-text-color has-link-color has-normal-font-size wp-elements-5024a42336c23ecb38bdf2727f1f2636\" id=\"barthelemy-manias-melaye-32-45346364356\"><a href=\"mailto:barjo.et.cie@gmail.com\"><strong>barjo.et.cie@gmail.com<\/strong><\/a><\/p>\n\n\n\n<p class=\"has-red-color has-text-color has-link-color has-normal-font-size wp-elements-97e415d88bedcd110cc438e806b02555\" id=\"barthelemy-manias-melaye-32-45346364356\"><a href=\"https:\/\/www.facebook.com\/Barjo.et.Cie\/\"><strong>Facebook Barjo.et.Cie<\/strong><\/a><\/p>\n\n\n\n<p class=\"has-red-color has-text-color has-link-color has-normal-font-size wp-elements-2dda238a64667bd2feec561cd0c16f3f\"><a href=\"instagram.com\/barjo.et.cie\/\"><strong>instagram.com\/barjo.et.cie\/<\/strong><\/a><\/p>\n<\/div><\/div>\n\n\n\n<figure class=\"wp-block-video alignfull\"><video height=\"1080\" style=\"aspect-ratio: 1920 \/ 1080;\" width=\"1920\" autoplay loop src=\"http:\/\/barjo-et-cie.be\/wp-content\/uploads\/2022\/02\/Grimaces-Bas-les-Pattes.mp4\" playsinline><\/video><\/figure>\n\n\n\n<hr class=\"wp-block-separator has-text-color has-white-color has-alpha-channel-opacity has-white-background-color has-background\"\/>\n\n\n\n<p class=\"has-white-color has-text-color has-link-color has-normal-font-size wp-elements-955ae2c75e25f19dbc007c833f61452b\">Depuis janvier 2024, <strong>Barjo&amp;Cie<\/strong> a le plaisirs d&rsquo;\u00eatre marrain\u00e9 par <a href=\"https:\/\/mc-villalobos.com\/\">XLProduction &#8211; Maria Clara Villalobos<\/a> dans le cadre de son contrat programme. <\/p>\n\n\n\n<hr class=\"wp-block-separator has-text-color has-white-color has-alpha-channel-opacity has-white-background-color has-background\"\/>\n\n\n\n<p class=\"has-white-color has-text-color has-link-color has-normal-font-size wp-elements-2a4060dd680f4ff784c54a4273639644\">Barjo&amp;Cie est membre de : <\/p>\n\n\n\n<ul class=\"wp-block-list has-white-color has-text-color has-link-color wp-elements-9f3a5c5a684359fd3400337596b8248e\">\n<li><a href=\"https:\/\/larac.be\">larac.be<\/a> <\/li>\n\n\n\n<li> <a href=\"https:\/\/ctej.be\">ctej.be<\/a> <\/li>\n\n\n\n<li><a href=\"https:\/\/assitej.be\">assitej.be<\/a><\/li>\n<\/ul>\n\n\n\n<hr class=\"wp-block-separator has-text-color has-white-color has-alpha-channel-opacity has-white-background-color has-background\"\/>\n\n\n\n<p class=\"has-white-color has-text-color has-link-color has-normal-font-size wp-elements-c5dbfc9b3dba93ab304bc50f5f0327bb\"><strong>Barjo&amp;Cie<\/strong> est soutenue par la <strong>FWB service g\u00e9n\u00e9rale de la cr\u00e9ation, service de la danse<\/strong> pour <em>Bas les Pattes<\/em>, le <strong>WBI <\/strong>pour la mobilit\u00e9 g\u00e9ographique \u00e0 l&rsquo;international.<\/p>\n\n\n\n<p><\/p>\n","protected":false},"excerpt":{"rendered":"<p>Contact barjo.et.cie@gmail.com Facebook Barjo.et.Cie instagram.com\/barjo.et.cie\/ Depuis janvier 2024, Barjo&amp;Cie a le plaisirs d&rsquo;\u00eatre marrain\u00e9 par XLProduction &#8211; Maria Clara Villalobos dans le cadre de son contrat programme. Barjo&amp;Cie est membre de : Barjo&amp;Cie est soutenue par la FWB service g\u00e9n\u00e9rale de la cr\u00e9ation, service de la danse pour Bas les Pattes, le WBI pour la&hellip; <a class=\"more-link\" href=\"https:\/\/barjo-et-cie.be\/index.php\/contact\/\">Poursuivre la lecture <span class=\"screen-reader-text\">CONTACT<\/span><\/a><\/p>\n","protected":false},"author":1,"featured_media":665,"parent":0,"menu_order":0,"comment_status":"closed","ping_status":"closed","template":"","meta":{"footnotes":""},"class_list":["post-21","page","type-page","status-publish","has-post-thumbnail","hentry","entry"],"_links":{"self":[{"href":"https:\/\/barjo-et-cie.be\/index.php\/wp-json\/wp\/v2\/pages\/21","targetHints":{"allow":["GET"]}}],"collection":[{"href":"https:\/\/barjo-et-cie.be\/index.php\/wp-json\/wp\/v2\/pages"}],"about":[{"href":"https:\/\/barjo-et-cie.be\/index.php\/wp-json\/wp\/v2\/types\/page"}],"author":[{"embeddable":true,"href":"https:\/\/barjo-et-cie.be\/index.php\/wp-json\/wp\/v2\/users\/1"}],"replies":[{"embeddable":true,"href":"https:\/\/barjo-et-cie.be\/index.php\/wp-json\/wp\/v2\/comments?post=21"}],"version-history":[{"count":32,"href":"https:\/\/barjo-et-cie.be\/index.php\/wp-json\/wp\/v2\/pages\/21\/revisions"}],"predecessor-version":[{"id":776,"href":"https:\/\/barjo-et-cie.be\/index.php\/wp-json\/wp\/v2\/pages\/21\/revisions\/776"}],"wp:featuredmedia":[{"embeddable":true,"href":"https:\/\/barjo-et-cie.be\/index.php\/wp-json\/wp\/v2\/media\/665"}],"wp:attachment":[{"href":"https:\/\/barjo-et-cie.be\/index.php\/wp-json\/wp\/v2\/media?parent=21"}],"curies":[{"name":"wp","href":"https:\/\/api.w.org\/{rel}","templated":true}]}}